{"id":10,"date":"2016-09-25T09:01:41","date_gmt":"2016-09-25T09:01:41","guid":{"rendered":"http:\/\/thecoach-koeln.de\/?page_id=10"},"modified":"2026-04-15T12:08:18","modified_gmt":"2026-04-15T10:08:18","slug":"persoenlichesqualifikation","status":"publish","type":"page","link":"https:\/\/www.thecoach-koeln.de\/?page_id=10","title":{"rendered":"Meine Qualifikationen"},"content":{"rendered":"<p style=\"text-align: left;\">1991 staatlich gepr\u00fcfte und examinierte Krankenschwester. Anschlie\u00dfend die 30-j\u00e4hrige T\u00e4tigkeit in einem akademischen Lehrkrankenhaus des LVR f\u00fcr Psychiatrie und Psychotherapie der Universit\u00e4t\u00a0 zu K\u00f6ln.<\/p>\n<ul>\n<li>1997 Der depressive Mensch<\/li>\n<li>1997\/1998 Mentorenweiterbildung\/ Psychologie\/ P\u00e4dagogik, Grundlagen der Kommunikation\/ Didaktik &#8211; Fachdidaktik \/ Grundlagen des Anleitens\/ Rhetorik<\/li>\n<li>1998 Kontrollierter Umgang mit psychischer Gewalt und Agressionen<\/li>\n<li>1999 L\u00f6sungs- und Ressourcenorientiertes Arbeiten im Suchtbereich<\/li>\n<li>1999 Psychoseseminar<\/li>\n<li>2000 Umgang mit Psychose<\/li>\n<li>2001 Primary Nursing\/ Professionelle Prozesse\/ zukunftsweisende Systeme\/ Arbeitsablaufsgestaltung<\/li>\n<li>2001 Weg vom Burnout\/ NLP<\/li>\n<li>2002\/2003 <strong>Zertifikat<\/strong>&#8211; Gruppen leiten in der Psychiatrie\/ Gruppenbildungsprozesse\/ Rollenbildung\/ Grundlagen der Kommunikation\/ Grundlagen der Moderation\/ Bedeutung von Macht\/ Prozesse der Machtbildung\/ Entstehung und Bedeutung von Wiederstand in Gruppen\/ Umgang mit Wiederstand\/ Konfliktenstehung\/ Umgang mit Konflikten in Gruppen\/ Werte, Normen und Verhalten\/ Rolle und Aufgaben der Leitung\/ Autorit\u00e4t Motivationstheorien, Faktoren f\u00fcr Motivationen, Gruppleiterverhalten und Motivationen, Verhalten in speziellen Situationen, Selbstpr\u00e4sentation als Gruppenleiter<\/li>\n<li>2003 Selbstsicherheitstraining<\/li>\n<li>2003 Psychoedukatives Training<\/li>\n<li>2003 Teilzeit-Chancen und Hemmnissen<\/li>\n<li>2004 DBT Dialektisch Behavioralen Therapie nach M. Linehan\/ Borderline-Pers\u00f6nlichkeitsst\u00f6rungen<\/li>\n<li>2004 Stressbew\u00e4ltigung, Burnout Prophylaxe<\/li>\n<li>2004 Anorexie\/ Bulimie<\/li>\n<li>2005 Transaktionsanalyse zwischen N\u00e4he und Distanz, Ich Zust\u00e4nde, \u00dcbungen zur kollegialen Supervision<\/li>\n<li>Beziehungskonzepte<\/li>\n<li>2005 Gesundheitsf\u00f6rderung<\/li>\n<li>2005 <strong>Preisverleihung Platz 1<\/strong>. f\u00fcr &#8222;Hand in Hand&#8220; &#8211; mein Projekt nach einem Betreuungs-, Behandlungsmodel (vgl. Grawe). Erste therapeutischen Umsetzung des Casemanagment. Projektteilnehmer waren die NRW-LVR-Kliniken f\u00fcr Psychiatrie und Psychotherapie.<\/li>\n<li>2006 Das Wohlf\u00fchlprogramm<\/li>\n<li>2007 Pr\u00e4vention\/ R\u00fcckenschmerzen<\/li>\n<li>2008 Behandlung von Patienten mit Selbstwertst\u00f6rungen<\/li>\n<li>2008\/2009 Kontrollierter Umgang mit psychischer Gewalt &#8211; Jede Reise beginnt mit dem ersten Schritt<\/li>\n<li>2009 Umgang mit aggressiven Menschen<\/li>\n<li>2009 Musik als Element therapeutischer Gruppenarbeit in der Psychiatrie<\/li>\n<li>2010 Schl\u00fcssel zur Gelassenheit, Konfliktl\u00f6sungen, St\u00e4rken erkennen, Energien gewinnen, Einfluss nehmen, Zielgerichtete Motivation, Effizienz der Kommunikation.<\/li>\n<li>2010 Motivation &#8211; die Kunst sich und andere zu motivieren<\/li>\n<li>2003-2011 nebenberufliche Betreuerin von Menschen mit Pers\u00f6nlichkeitsst\u00f6rungen\/PTBS<\/li>\n<li>2007\/2011 <strong>Zertifikat<\/strong>&#8211; TCM Ohrakupunktur nach dem NADA-Protokol<\/li>\n<li>2012 Systemische Beratung<\/li>\n<li>2012 Anleitung von Entspannungs\u00fcbungen auf der Basis der Progressiven Muskelrelaxation nach Jacobson (PMR)<\/li>\n<li>2012 Einf\u00fchrung in die Verhaltenstherapie Baustein A<\/li>\n<li>2012 Einf\u00fchrung in die Verhaltenstherapie Baustein B<\/li>\n<li>2012 Einf\u00fchrung in die Tiefenpsychologie<\/li>\n<li>2013 Psychodrama<\/li>\n<li>2013 EMDR Coaching aus derTraumatherapie <strong> Zertifikat <\/strong><\/li>\n<li>2014 Das Familienbrett<\/li>\n<li>2014 Spiritualit\u00e4t in der Psychiatrie<\/li>\n<li>2014 EMDR Spezial <strong>Zertifikat<\/strong><\/li>\n<li>2014 Gewaltfreie Kommunikation \/Rosenberg<\/li>\n<li>2015 Reinkarnationstherapeutin<strong> Zertifikat<\/strong><\/li>\n<li>2015 Adherencetherapeutin <strong>Zertifikat<\/strong><\/li>\n<li>2016 beginn mit dem Studium&#8220; Life Coach&#8220;<\/li>\n<li>2017 Klangschalentherapie\/Massage <strong>Zertifikat<\/strong><\/li>\n<li>2017-2020\u00a0 &#8222;Tierpsychologie-Verhaltenstherapie&#8220;<\/li>\n<li>2017-2020\u00a0 Studium &#8222;Tierpsychologie und Tierverhaltentherapie&#8220; bei der Studiengemeinschaft Darmstadt. Schwerpunkte: Verhaltenstherapie beim Tier,Tierbetreuung,Tierhaltung,Anschaffungsberatung<\/li>\n<li>Spezial-Seminar der Tierern\u00e4hrung &amp; Tierhygiene<\/li>\n<\/ul>\n<p>\u00a0Coaching &amp; EMDR\u00a0 ersetzt keine Psychotherapie oder einen Arztbesuch!<\/p>\n\n\n<p><\/p>\n","protected":false},"excerpt":{"rendered":"<p>1991 staatlich gepr\u00fcfte und examinierte Krankenschwester. Anschlie\u00dfend die 30-j\u00e4hrige T\u00e4tigkeit in einem akademischen Lehrkrankenhaus des LVR f\u00fcr Psychiatrie und Psychotherapie der Universit\u00e4t\u00a0 zu K\u00f6ln. 1997 Der depressive Mensch 1997\/1998 Mentorenweiterbildung\/ Psychologie\/ P\u00e4dagogik, Grundlagen der Kommunikation\/ Didaktik &#8211; Fachdidaktik \/ Grundlagen &hellip; <a href=\"https:\/\/www.thecoach-koeln.de\/?page_id=10\">Weiterlesen <span class=\"meta-nav\">&rarr;<\/span><\/a><\/p>\n","protected":false},"author":1,"featured_media":0,"parent":0,"menu_order":6,"comment_status":"closed","ping_status":"closed","template":"","meta":{"footnotes":""},"class_list":["post-10","page","type-page","status-publish","hentry"],"_links":{"self":[{"href":"https:\/\/www.thecoach-koeln.de\/index.php?rest_route=\/wp\/v2\/pages\/10","targetHints":{"allow":["GET"]}}],"collection":[{"href":"https:\/\/www.thecoach-koeln.de\/index.php?rest_route=\/wp\/v2\/pages"}],"about":[{"href":"https:\/\/www.thecoach-koeln.de\/index.php?rest_route=\/wp\/v2\/types\/page"}],"author":[{"embeddable":true,"href":"https:\/\/www.thecoach-koeln.de\/index.php?rest_route=\/wp\/v2\/users\/1"}],"replies":[{"embeddable":true,"href":"https:\/\/www.thecoach-koeln.de\/index.php?rest_route=%2Fwp%2Fv2%2Fcomments&post=10"}],"version-history":[{"count":30,"href":"https:\/\/www.thecoach-koeln.de\/index.php?rest_route=\/wp\/v2\/pages\/10\/revisions"}],"predecessor-version":[{"id":828,"href":"https:\/\/www.thecoach-koeln.de\/index.php?rest_route=\/wp\/v2\/pages\/10\/revisions\/828"}],"wp:attachment":[{"href":"https:\/\/www.thecoach-koeln.de\/index.php?rest_route=%2Fwp%2Fv2%2Fmedia&parent=10"}],"curies":[{"name":"wp","href":"https:\/\/api.w.org\/{rel}","templated":true}]}}