{"id":24,"date":"2016-09-25T09:30:38","date_gmt":"2016-09-25T09:30:38","guid":{"rendered":"http:\/\/thecoach-koeln.de\/?page_id=24"},"modified":"2026-04-15T11:38:46","modified_gmt":"2026-04-15T09:38:46","slug":"psychologische-beratung","status":"publish","type":"page","link":"https:\/\/www.thecoach-koeln.de\/?page_id=24","title":{"rendered":""},"content":{"rendered":"\n<p><strong>Wobei ich Sie unterst\u00fctzen kann<\/strong><\/p>\n\n\n<p>&nbsp;<\/p>\n<p>Ich begleite Menschen, die sich innerlich belastet f\u00fchlen, feststecken oder das Gef\u00fchl\u00a0<img loading=\"lazy\" decoding=\"async\" class=\"wp-image-752 alignright\" src=\"https:\/\/www.thecoach-koeln.de\/wp-content\/uploads\/2026\/04\/WhatsApp-Image-2026-04-14-at-13.12.48-200x300.jpeg\" alt=\"\" width=\"276\" height=\"407\" \/>haben, dass sich etwas ver\u00e4ndern muss.<\/p>\n<p>In meiner Arbeit verbinde ich Coaching mit EMDR \u2013 einer Methode aus der Traumatherapie, die dabei helfen kann, belastende Erfahrungen zu verarbeiten und neue Stabilit\u00e4t zu entwickeln.<\/p>\n<p>Die Sitzungen bieten Raum f\u00fcr Klarheit, Verarbeitung und neue Perspektiven \u2013 in Ihrem Tempo und orientiert an dem, was gerade da ist.<\/p>\n<p>Es geht nicht darum, perfekt zu funktionieren \u2013 sondern sich selbst wieder n\u00e4her zu kommen und neue Wege zu finden.<\/p>\n<p><strong>Ich bin f\u00fcr Sie da.<\/strong><\/p>\n<p>Wenn Sie sp\u00fcren, dass sich etwas ver\u00e4ndern soll,<br \/>melden Sie sich gerne f\u00fcr ein unverbindliches Erstgespr\u00e4ch.<\/p>\n<p><strong>&#x1f4de; 0221 \/ 16900661<\/strong><br \/>&#x1f4e7; info@thecoach-koeln.de<\/p>\n<p>&nbsp;<\/p>\n\n\n<p><\/p>\n","protected":false},"excerpt":{"rendered":"<p>Wobei ich Sie unterst\u00fctzen kann &nbsp; Ich begleite Menschen, die sich innerlich belastet f\u00fchlen, feststecken oder das Gef\u00fchl\u00a0haben, dass sich etwas ver\u00e4ndern muss. In meiner Arbeit verbinde ich Coaching mit EMDR \u2013 einer Methode aus der Traumatherapie, die dabei helfen &hellip; <a href=\"https:\/\/www.thecoach-koeln.de\/?page_id=24\">Weiterlesen <span class=\"meta-nav\">&rarr;<\/span><\/a><\/p>\n","protected":false},"author":1,"featured_media":0,"parent":0,"menu_order":1,"comment_status":"closed","ping_status":"closed","template":"","meta":{"footnotes":""},"class_list":["post-24","page","type-page","status-publish","hentry"],"_links":{"self":[{"href":"https:\/\/www.thecoach-koeln.de\/index.php?rest_route=\/wp\/v2\/pages\/24","targetHints":{"allow":["GET"]}}],"collection":[{"href":"https:\/\/www.thecoach-koeln.de\/index.php?rest_route=\/wp\/v2\/pages"}],"about":[{"href":"https:\/\/www.thecoach-koeln.de\/index.php?rest_route=\/wp\/v2\/types\/page"}],"author":[{"embeddable":true,"href":"https:\/\/www.thecoach-koeln.de\/index.php?rest_route=\/wp\/v2\/users\/1"}],"replies":[{"embeddable":true,"href":"https:\/\/www.thecoach-koeln.de\/index.php?rest_route=%2Fwp%2Fv2%2Fcomments&post=24"}],"version-history":[{"count":21,"href":"https:\/\/www.thecoach-koeln.de\/index.php?rest_route=\/wp\/v2\/pages\/24\/revisions"}],"predecessor-version":[{"id":823,"href":"https:\/\/www.thecoach-koeln.de\/index.php?rest_route=\/wp\/v2\/pages\/24\/revisions\/823"}],"wp:attachment":[{"href":"https:\/\/www.thecoach-koeln.de\/index.php?rest_route=%2Fwp%2Fv2%2Fmedia&parent=24"}],"curies":[{"name":"wp","href":"https:\/\/api.w.org\/{rel}","templated":true}]}}